{"id":425,"date":"2025-09-15T16:44:32","date_gmt":"2025-09-15T14:44:32","guid":{"rendered":"https:\/\/innomed-patient.com\/index.php\/terreur-nocturne-2\/"},"modified":"2025-09-15T20:07:04","modified_gmt":"2025-09-15T18:07:04","slug":"insomnie","status":"publish","type":"page","link":"https:\/\/innomed-patient.com\/index.php\/insomnie\/","title":{"rendered":"Insomnie"},"content":{"rendered":"<div class=\"wpb-content-wrapper\"><p>[vc_row][vc_column][vc_single_image image=\u00a0\u00bb471&Prime; img_size=\u00a0\u00bbfull\u00a0\u00bb alignment=\u00a0\u00bbcenter\u00a0\u00bb css=\u00a0\u00bb\u00a0\u00bb][vc_column_text css=\u00a0\u00bb\u00a0\u00bb]<\/p>\n<p style=\"text-align: justify;\">Trois fran\u00e7ais sur quatre souffrent d\u2019insomnie selon la SOFRES. Cette insomnie est s\u00e9v\u00e8re dans 9 % des cas. Elle se traduit par un sommeil de mauvaise qualit\u00e9 avec des difficult\u00e9s d\u2019endormissement, des r\u00e9veils multiples dans la nuit, ou un r\u00e9veil trop pr\u00e9coce le matin. Elle entra\u00eene toujours un retentissement sur la qualit\u00e9 de la journ\u00e9e : fatigue, irritabilit\u00e9, troubles de l\u2019humeur, de la m\u00e9moire ou de la concentration. Occasionnelle ou transitoire, elle est li\u00e9e \u00e0 un \u00e9v\u00e9nement particulier ou \u00e0 un environnement perturbant. Chronique, \u00e9voluant sur des mois voire des ann\u00e9es, ses causes sont alors le plus souvent psychologiques.<\/p>\n<p>[\/vc_column_text][vc_column_text css=\u00a0\u00bb\u00a0\u00bb]<\/p>\n<h3 style=\"text-align: justify;\"><strong><span style=\"color: #448dce;\">L\u2019INSOMNIE SYMPT\u00d4ME OU MALADIE ?<\/span><\/strong><\/h3>\n<p style=\"text-align: justify;\">L\u2019anxi\u00e9t\u00e9, le stress et la d\u00e9pression sont \u00e0 l\u2019origine de plus de la moiti\u00e9 des insomnies. Chez l\u2019anxieux, il s\u2019agit le plus souvent de difficult\u00e9s d\u2019endormissement car la personne a du mal \u00e0 se relaxer avec beaucoup de pens\u00e9es et de pr\u00e9occupations qui surviennent au moment du coucher. En cas de stress, les difficult\u00e9s pr\u00e9dominantes touchent la seconde moiti\u00e9 de nuit avec l\u2019impression de somnoler \u00e0 partir de 4 ou 5 heures du matin. La d\u00e9pression se traduit principalement par des \u00e9veils pr\u00e9coces en milieu et fin de nuit. L\u2019insomnie est dans ce cas souvent le premier signe de la maladie d\u00e9pressive. L\u2019insomnie peut-\u00eatre secondaire \u00e0 une maladie connue comme une hyperthyro\u00efdie, un reflux gastro-\u0153sophagien, un asthme nocturne, des rhumatismes\u2026<\/p>\n<p>[\/vc_column_text][vc_column_text css=\u00a0\u00bb\u00a0\u00bb]<\/p>\n<h3 style=\"text-align: justify;\"><strong><span style=\"color: #448dce;\">CERTAINES MALADIES EXCLUSIVEMENT LI\u00c9ES AU SOMMEIL PROVOQUENT UNE INSOMNIE :<\/span><\/strong><\/h3>\n<ul>\n<li style=\"text-align: justify;\">le syndrome des jambes sans repos avec au coucher des sensations tr\u00e8s d\u00e9sagr\u00e9ables dans les jambes qui obligent \u00e0 se lever et \u00e0 bouger. Dans ces conditions l\u2019endormissement est tr\u00e8s laborieux.<\/li>\n<li style=\"text-align: justify;\">les apn\u00e9es du sommeil, pauses de la respiration de plus de dix secondes avec luttes respiratoires au cours de la nuit qui morcellent le sommeil.D\u2019autres insomnies sont secondaires \u00e0 des erreurs d\u2019hygi\u00e8ne de vie ou des causes environnementales. Par exemple, le caf\u00e9 est un excitant qui provoque ou entretient un mauvais sommeil. De m\u00eame, un rythme de vie irr\u00e9gulier ou un environnement bruyant, d\u00e9structurent le sommeil.<\/li>\n<li style=\"text-align: justify;\">L\u2019insomnie psychophysiologique appara\u00eet g\u00e9n\u00e9ralement apr\u00e8s une p\u00e9riode d\u2019insomnie dont la cause est connue : p\u00e9riode de stress, d\u00e9pression, maladie grave\u2026 Alors que la cause a disparu, l\u2019insomnie persiste par un m\u00e9canisme de conditionnement qui s\u2019auto-entretient principalement par la peur de ne pas dormir. Elle \u00e9volue ensuite pour son propre compte. L\u2019insomnie est un signal de votre corps qu\u2019il faut expliquer et soigner. Parlez-en \u00e0 votre m\u00e9decin.<\/li>\n<\/ul>\n<p>[\/vc_column_text][vc_column_text css=\u00a0\u00bb\u00a0\u00bb]<\/p>\n<h3 style=\"text-align: justify;\"><strong><span style=\"color: #448dce;\">QUELQUES CONSEILS POUR MIEUX DORMIR<\/span><\/strong><\/h3>\n<ul>\n<li style=\"text-align: justify;\">\u00c9vitez tous les excitants, caf\u00e9, th\u00e9, vitamine C, coca-cola\u2026<\/li>\n<li style=\"text-align: justify;\">\u00c9vitez de pratiquer un sport ainsi que toutes activit\u00e9s tr\u00e8s stimulantes apr\u00e8s 18-19 heures.<\/li>\n<li style=\"text-align: justify;\">Favorisez les activit\u00e9s relaxantes le soir : lecture, musique, t\u00e9l\u00e9.<\/li>\n<li style=\"text-align: justify;\">Ne faites pas de repas trop copieux le soir et \u00e9vitez l\u2019alcool au d\u00eener.<\/li>\n<li style=\"text-align: justify;\">Respectez votre rythme de sommeil.<\/li>\n<li style=\"text-align: justify;\">R\u00e9servez la chambre au sommeil et \u00e0 l\u2019activit\u00e9 sexuelle en \u00e9vitant de regarder la t\u00e9l\u00e9 au lit, de travailler ou de manger au lit.<\/li>\n<li style=\"text-align: justify;\">Un bain ti\u00e8de au moins 2 heures avant le coucher aide \u00e0 la d\u00e9tente et augmente la profondeur du sommeil.<\/li>\n<li style=\"text-align: justify;\">Ne vous couchez que lorsque vous ressentez des signaux de sommeil (b\u00e2illements, nuque lourde, yeux qui piquent\u2026)<\/li>\n<li style=\"text-align: justify;\">Suivez les signaux d\u2019\u00e9veil que vous adresse votre corps : si vous n\u2019arrivez pas \u00e0 dormir ou si vous \u00eates r\u00e9veill\u00e9 depuis plus de 20 minutes, levez-vous et faites autre chose.<\/li>\n<li style=\"text-align: justify;\">Si vous \u00eates r\u00e9veill\u00e9 le matin, ne cherchez pas \u00e0 prolonger votre sommeil \u00e0 tout prix, mais au contraire, levez-vous et commencez votre journ\u00e9e.<\/li>\n<li style=\"text-align: justify;\">N\u2019utilisez pas de m\u00e9dicament tout seul, parlez-en \u00e0 votre m\u00e9decin.<\/li>\n<\/ul>\n<p>[\/vc_column_text][vc_column_text css=\u00a0\u00bb\u00a0\u00bb]<strong>Attention ! Les informations pr\u00e9sentes sur ce site ne remplacent en aucun cas le diagnostic d&rsquo;un professionnel de sant\u00e9. N&rsquo;h\u00e9sitez pas \u00e0 consulter un m\u00e9decin sp\u00e9cialiste du sommeil et \u00e0 en parler \u00e0 votre m\u00e9decin traitant.<\/strong>[\/vc_column_text][\/vc_column][\/vc_row]<\/p>\n<\/div>","protected":false},"excerpt":{"rendered":"<p>[vc_row][vc_column][vc_single_image image=\u00a0\u00bb471&Prime; img_size=\u00a0\u00bbfull\u00a0\u00bb alignment=\u00a0\u00bbcenter\u00a0\u00bb css=\u00a0\u00bb\u00a0\u00bb][vc_column_text css=\u00a0\u00bb\u00a0\u00bb] Trois fran\u00e7ais sur quatre souffrent d\u2019insomnie selon la SOFRES. Cette insomnie est s\u00e9v\u00e8re dans 9 % des cas. Elle se traduit par un sommeil de mauvaise qualit\u00e9 avec des difficult\u00e9s d\u2019endormissement, des r\u00e9veils multiples dans la nuit, ou un r\u00e9veil trop pr\u00e9coce le matin. Elle entra\u00eene toujours un retentissement&#8230;<\/p>\n","protected":false},"author":1,"featured_media":0,"parent":0,"menu_order":0,"comment_status":"closed","ping_status":"closed","template":"","meta":{"footnotes":""},"class_list":["post-425","page","type-page","status-publish","hentry"],"_links":{"self":[{"href":"https:\/\/innomed-patient.com\/index.php\/wp-json\/wp\/v2\/pages\/425","targetHints":{"allow":["GET"]}}],"collection":[{"href":"https:\/\/innomed-patient.com\/index.php\/wp-json\/wp\/v2\/pages"}],"about":[{"href":"https:\/\/innomed-patient.com\/index.php\/wp-json\/wp\/v2\/types\/page"}],"author":[{"embeddable":true,"href":"https:\/\/innomed-patient.com\/index.php\/wp-json\/wp\/v2\/users\/1"}],"replies":[{"embeddable":true,"href":"https:\/\/innomed-patient.com\/index.php\/wp-json\/wp\/v2\/comments?post=425"}],"version-history":[{"count":2,"href":"https:\/\/innomed-patient.com\/index.php\/wp-json\/wp\/v2\/pages\/425\/revisions"}],"predecessor-version":[{"id":472,"href":"https:\/\/innomed-patient.com\/index.php\/wp-json\/wp\/v2\/pages\/425\/revisions\/472"}],"wp:attachment":[{"href":"https:\/\/innomed-patient.com\/index.php\/wp-json\/wp\/v2\/media?parent=425"}],"curies":[{"name":"wp","href":"https:\/\/api.w.org\/{rel}","templated":true}]}}

<div class="wpb-content-wrapper"><p>[vc_row][vc_column][vc_single_image image= »471&Prime; img_size= »full » alignment= »center » css= » »][vc_column_text css= » »]</p>
<p style="text-align: justify;">Trois français sur quatre souffrent d’insomnie selon la SOFRES. Cette insomnie est sévère dans 9 % des cas. Elle se traduit par un sommeil de mauvaise qualité avec des difficultés d’endormissement, des réveils multiples dans la nuit, ou un réveil trop précoce le matin. Elle entraîne toujours un retentissement sur la qualité de la journée : fatigue, irritabilité, troubles de l’humeur, de la mémoire ou de la concentration. Occasionnelle ou transitoire, elle est liée à un événement particulier ou à un environnement perturbant. Chronique, évoluant sur des mois voire des années, ses causes sont alors le plus souvent psychologiques.</p>
<p>[/vc_column_text][vc_column_text css= » »]</p>
<h3 style="text-align: justify;"><strong><span style="color: #448dce;">L’INSOMNIE SYMPTÔME OU MALADIE ?</span></strong></h3>
<p style="text-align: justify;">L’anxiété, le stress et la dépression sont à l’origine de plus de la moitié des insomnies. Chez l’anxieux, il s’agit le plus souvent de difficultés d’endormissement car la personne a du mal à se relaxer avec beaucoup de pensées et de préoccupations qui surviennent au moment du coucher. En cas de stress, les difficultés prédominantes touchent la seconde moitié de nuit avec l’impression de somnoler à partir de 4 ou 5 heures du matin. La dépression se traduit principalement par des éveils précoces en milieu et fin de nuit. L’insomnie est dans ce cas souvent le premier signe de la maladie dépressive. L’insomnie peut-être secondaire à une maladie connue comme une hyperthyroïdie, un reflux gastro-œsophagien, un asthme nocturne, des rhumatismes…</p>
<p>[/vc_column_text][vc_column_text css= » »]</p>
<h3 style="text-align: justify;"><strong><span style="color: #448dce;">CERTAINES MALADIES EXCLUSIVEMENT LIÉES AU SOMMEIL PROVOQUENT UNE INSOMNIE :</span></strong></h3>
<ul>
<li style="text-align: justify;">le syndrome des jambes sans repos avec au coucher des sensations très désagréables dans les jambes qui obligent à se lever et à bouger. Dans ces conditions l’endormissement est très laborieux.</li>
<li style="text-align: justify;">les apnées du sommeil, pauses de la respiration de plus de dix secondes avec luttes respiratoires au cours de la nuit qui morcellent le sommeil.D’autres insomnies sont secondaires à des erreurs d’hygiène de vie ou des causes environnementales. Par exemple, le café est un excitant qui provoque ou entretient un mauvais sommeil. De même, un rythme de vie irrégulier ou un environnement bruyant, déstructurent le sommeil.</li>
<li style="text-align: justify;">L’insomnie psychophysiologique apparaît généralement après une période d’insomnie dont la cause est connue : période de stress, dépression, maladie grave… Alors que la cause a disparu, l’insomnie persiste par un mécanisme de conditionnement qui s’auto-entretient principalement par la peur de ne pas dormir. Elle évolue ensuite pour son propre compte. L’insomnie est un signal de votre corps qu’il faut expliquer et soigner. Parlez-en à votre médecin.</li>
</ul>
<p>[/vc_column_text][vc_column_text css= » »]</p>
<h3 style="text-align: justify;"><strong><span style="color: #448dce;">QUELQUES CONSEILS POUR MIEUX DORMIR</span></strong></h3>
<ul>
<li style="text-align: justify;">Évitez tous les excitants, café, thé, vitamine C, coca-cola…</li>
<li style="text-align: justify;">Évitez de pratiquer un sport ainsi que toutes activités très stimulantes après 18-19 heures.</li>
<li style="text-align: justify;">Favorisez les activités relaxantes le soir : lecture, musique, télé.</li>
<li style="text-align: justify;">Ne faites pas de repas trop copieux le soir et évitez l’alcool au dîner.</li>
<li style="text-align: justify;">Respectez votre rythme de sommeil.</li>
<li style="text-align: justify;">Réservez la chambre au sommeil et à l’activité sexuelle en évitant de regarder la télé au lit, de travailler ou de manger au lit.</li>
<li style="text-align: justify;">Un bain tiède au moins 2 heures avant le coucher aide à la détente et augmente la profondeur du sommeil.</li>
<li style="text-align: justify;">Ne vous couchez que lorsque vous ressentez des signaux de sommeil (bâillements, nuque lourde, yeux qui piquent…)</li>
<li style="text-align: justify;">Suivez les signaux d’éveil que vous adresse votre corps : si vous n’arrivez pas à dormir ou si vous êtes réveillé depuis plus de 20 minutes, levez-vous et faites autre chose.</li>
<li style="text-align: justify;">Si vous êtes réveillé le matin, ne cherchez pas à prolonger votre sommeil à tout prix, mais au contraire, levez-vous et commencez votre journée.</li>
<li style="text-align: justify;">N’utilisez pas de médicament tout seul, parlez-en à votre médecin.</li>
</ul>
<p>[/vc_column_text][vc_column_text css= » »]<strong>Attention ! Les informations présentes sur ce site ne remplacent en aucun cas le diagnostic d&rsquo;un professionnel de santé. N&rsquo;hésitez pas à consulter un médecin spécialiste du sommeil et à en parler à votre médecin traitant.</strong>[/vc_column_text][/vc_column][/vc_row]</p>
</div>

<p>[vc_row][vc_column][vc_single_image image= »471&Prime; img_size= »full » alignment= »center » css= » »][vc_column_text css= » »] Trois français sur quatre souffrent d’insomnie selon la SOFRES. Cette insomnie est sévère dans 9 % des cas. Elle se traduit par un sommeil de mauvaise qualité avec des difficultés d’endormissement, des réveils multiples dans la nuit, ou un réveil trop précoce le matin. Elle entraîne toujours un retentissement&#8230;</p>
