{"id":17,"date":"2019-01-01T21:19:50","date_gmt":"2019-01-01T20:19:50","guid":{"rendered":"https:\/\/innomed-patient.com\/?page_id=17"},"modified":"2025-09-15T20:19:19","modified_gmt":"2025-09-15T18:19:19","slug":"la-polygraphie-ventilatoire-pg","status":"publish","type":"page","link":"https:\/\/innomed-patient.com\/index.php\/la-polygraphie-ventilatoire-pg\/","title":{"rendered":"La polygraphie ventilatoire (PG)"},"content":{"rendered":"<div class=\"wpb-content-wrapper\"><p>[vc_row][vc_column][vc_single_image image=\u00a0\u00bb476&Prime; img_size=\u00a0\u00bbfull\u00a0\u00bb alignment=\u00a0\u00bbcenter\u00a0\u00bb css=\u00a0\u00bb\u00a0\u00bb][vc_column_text]<\/p>\n<p style=\"text-align: justify;\">Il existe deux diagnostiques du sommeil. La polygraphie ventilatoire (PG) et la polysomnographie (PSG).<\/p>\n<p style=\"text-align: justify;\">Ces examens sont indolores et ne n\u00e9cessitent pas toujours de passer une nuit \u00e0 l\u2019H\u00f4pital.<br \/>\nLe Mat\u00e9riel peut aussi \u00eatre pos\u00e9 au cabinet du m\u00e9decin lib\u00e9ral ou hospitalier et vous permettre de passer la nuit d\u2019analyse \u00e0 votre domicile. Dans ce dernier cas on parle d\u2019examen ambulatoire.<\/p>\n<h3 style=\"text-align: justify;\"><strong><span style=\"color: #448dce;\">Description<\/span><\/strong><\/h3>\n<p style=\"text-align: justify;\">C\u2019est un appareil d\u2019enregistrement qui va enregistrer diff\u00e9rents param\u00e8tres de votre sommeil durant votre nuit. Cet examen est souvent r\u00e9alis\u00e9 \u00e0 domicile. On parle d\u2019examen ambulatoire. Le m\u00e9decin vous pose l\u2019appareil en fin de journ\u00e9e que vous devez rapporter le lendemain matin. L\u2019appareil est petit et tr\u00e8s peux encombrant. C\u2019est un mat\u00e9riel on\u00e9reux qu\u2019il faut manipuler avec pr\u00e9cautions.<br \/>\nLe but de cet enregistrement est de connaitre le d\u00e9roulement des m\u00e9canismes respiratoires durant la nuit de sommeil. On va alors rechercher s&rsquo;il y a des phases ou l&rsquo;air ne passe plus (flux respiratoire) et savoir, le cas \u00e9ch\u00e9ant, si cela est li\u00e9 \u00e0 un arr\u00eat des mouvements respiratoires (\u00e9v\u00e8nement central avec arr\u00eat de la commande respiratoire) ou si les mouvements respiratoires persistent (\u00e9v\u00e9nements obstructif avec fermeture du pharynx).<br \/>\nOn peut aussi connaitre, \u00e0 travers cet appareil, si ces \u00e9v\u00e8nements centraux ou obstructifs ont des cons\u00e9quences physiologiques importantes (mesures du taux en oxyg\u00e8ne et aussi de la fr\u00e9quence cardiaque)<br \/>\nPour rentrer plus profond\u00e9ment dans la compr\u00e9hension de ce mat\u00e9riel en voici les param\u00e8tres enregistr\u00e9s durant votre sommeil :<\/p>\n<p style=\"text-align: justify;\"><strong>Le flux respiratoire :<\/strong><br \/>\nLe flux respiratoire est le plus souvent capt\u00e9 par une lunette nasale qui va permettre de savoir si l\u2019air circule correctement et de mani\u00e8re efficace dans les voies respiratoires. On regarde alors la quantit\u00e9 d\u2019air qui rentre et sort et aussi avec quelle fr\u00e9quence.<\/p>\n<p style=\"text-align: justify;\"><strong>Le ronflement :<\/strong><br \/>\nOn va chercher \u00e0 mesurer l\u2019intensit\u00e9 mais aussi la dur\u00e9e du ronflement pendant le sommeil. Cela peut aider aussi le m\u00e9decin \u00e0 diagnostique si un ronflement est pathologique ou non et donc orient\u00e9 son diagnostic mais aussi la solution th\u00e9rapeutique ad\u00e9quate.<\/p>\n<p style=\"text-align: justify;\"><strong>La saturation en oxyg\u00e8ne :<\/strong><br \/>\nPermet de savoir si votre corps est bien oxyg\u00e9n\u00e9.<\/p>\n<p style=\"text-align: justify;\"><strong>La fr\u00e9quence cardiaque :<\/strong><br \/>\nPermet simplement de visualiser l\u2019activit\u00e9 cardiaque en termes de fr\u00e9quence.<\/p>\n<p style=\"text-align: justify;\"><strong>La pl\u00e9thysmographie de pouls : <\/strong><br \/>\nPermet de conna\u00eetre votre activit\u00e9 sympathique pendant votre sommeil.<br \/>\nCette technologie permet, sur certains appareils, d\u2019avoir une id\u00e9e et une tendance de la vitesse de circulation de l\u2019onde de pouls cardiaques dans les vaisseaux sanguins. Cela permet donc d\u2019identifier de mani\u00e8re indirect les variations de tensions art\u00e9rielles. Bien que cela ne vaut pas pour diagnostiquer de mani\u00e8re pr\u00e9cise et certaine les \u00e9volutions de la tension art\u00e9rielle, cela permet de savoir si votre corps sursaute en termes d\u2019activit\u00e9 durant votre sommeil.<br \/>\nC\u2019est un moyen d\u00e9tourn\u00e9 de mesurer les r\u00e9veils du corps. M\u00eame si cela n\u2019a pas une valeur diagnostique cela permet d\u2019avoir une tendance. On parle alors de d\u00e9pistage de micro-\u00e9veils. Seule la Polysomnographie est capable d\u2019identifier avec certitudes un \u00e9v\u00e8nement de micro-\u00e9veil par mesure de l\u2019activit\u00e9 c\u00e9r\u00e9brale et des stades de sommeil.<\/p>\n<p style=\"text-align: justify;\"><strong>Les mouvements respiratoires et thoraciques abdominaux :<\/strong><br \/>\nPermet de conna\u00eetre l\u2019activit\u00e9 musculaire respiratoire pendant le sommeil. Cela va permettre de qualifier le type d\u2019\u00e9v\u00e8nements respiratoires qui surgissent pendant votre sommeil. En effet, une apn\u00e9e sans mouvements respiratoire est qualifi\u00e9e de centrale (on parle d\u2019apn\u00e9es centrales ou de syndrome d\u2019apn\u00e9e centrale du sommeil) ou si les mouvements persistent durant une apn\u00e9e et alors on parle d\u2019\u00e9v\u00e8nement obstructif (Syndrome obstructif du sommeil)<\/p>\n<p style=\"text-align: justify;\"><strong>La position<\/strong><br \/>\nPermet de savoir si les hypoth\u00e9tiques \u00e9v\u00e8nements pathologiques surviennent dans une position particuli\u00e8re durant votre sommeil. En effet, cela peut permettre aussi dans de rare cas de savoir si vos \u00e9v\u00e8nements respiratoires surgissent dans certaines positions. Dans ce dernier cas on peut vous parler d\u2019apn\u00e9es positionnelles.<\/p>\n<p style=\"text-align: justify;\"><strong>L&rsquo;activit\u00e9 nocturne<\/strong><br \/>\n(position et mouvement)<br \/>\nPermet de savoir si vos mouvements sont nombreux et si votre sommeil est agit\u00e9 en termes d\u2019activit\u00e9 musculaire. Cela peut permettre aussi dans de rare cas de savoir si vos \u00e9v\u00e8nements respiratoires surgissent suite \u00e0 certains mouvements musculaires ou s&rsquo;ils sont totalement ind\u00e9pendants de votre respiration (exemple Syndrome de mouvements de jambes sans repos).<\/p>\n<p style=\"text-align: justify;\"><strong>A l\u2019issu de l\u2019examen, le medecin r\u00e9colte alors les donn\u00e9es de l\u2019appareil avec l\u2019enregistrement de l\u2019int\u00e9gralite des trac\u00e9s respiratoires de votre sommeil<br \/>\nCi-dessous un exemple illustrant le type de trac\u00e9s respiratoires<\/strong><\/p>\n<p>[\/vc_column_text][vc_single_image image=\u00a0\u00bb113&Prime; img_size=\u00a0\u00bbfull\u00a0\u00bb][vc_column_text]<\/p>\n<p style=\"text-align: justify;\">Tous ces param\u00e8tres vont permettre de faire une analyse pr\u00e9cise de votre sommeil en terme respiratoire et en termes d\u2019activit\u00e9 et ainsi de savoir si votre sommeil connait une activit\u00e9 anormalement \u00e9lev\u00e9e. Les m\u00e9decins sp\u00e9cialistes du sommeil connaissent bien leur appareil et ont une interpr\u00e9tation tr\u00e8s pointue des r\u00e9sultats. Il est donc important de bien suivre ses recommandations avant la pause et aussi \u00e0 la remise du r\u00e9sultat si \u00e9ventuellement il d\u00e9cide mettre en place un traitement.<\/p>\n<p>[\/vc_column_text][vc_single_image image=\u00a0\u00bb214&Prime; img_size=\u00a0\u00bbfull\u00a0\u00bb][vc_column_text]<\/p>\n<h3 style=\"text-align: justify;\"><strong><span style=\"color: #448dce;\">Index d&rsquo;apn\u00e9es (IAH)<\/span><\/strong><\/h3>\n<p style=\"text-align: justify;\">A l\u2019issu de la polygraphie cela permettra de quantifier les \u00e9v\u00e8nements respiratoires par heure de sommeil et d\u2019\u00e9tablir un index d\u2019apn\u00e9es-hypopn\u00e9es par heure (IAH). L\u2019apn\u00e9e est d\u00e9finie comme \u00e9tant une interruption compl\u00e8te du d\u00e9bit a\u00e9rien naso-buccal pendant au moins 10 secondes.<br \/>\nSi l\u2019Apn\u00e9e est une interruption du flux respiratoire d\u2019au moins 10 secondes, l\u2019Hypopn\u00e9e est, quant \u00e0 elle, une diminution du d\u00e9bit a\u00e9rien naso-buccal d\u2019au moins 50% durant au moins 10 secondes et ayant une cons\u00e9quence physiologique d\u00e9l\u00e9t\u00e8re (baisse en oxyg\u00e8ne ou micro-\u00e9veil). En polygraphie, l\u2019effet d\u00e9l\u00e9t\u00e8re de l\u2019Hypopn\u00e9e est mesur\u00e9 par l&rsquo;impact sur l\u2019oxyg\u00e9nation du corps.<br \/>\nAinsi chaque \u00e9v\u00e8nement, apn\u00e9e et hypopn\u00e9e, est comptabilis\u00e9 et report\u00e9 sur la dur\u00e9e du sommeil. Il en r\u00e9sulte l\u2019IAH c\u2019est \u00e0 dire l\u2019Index d\u2019Apn\u00e9es et d\u2019Hypopn\u00e9es par heure de sommeil.<br \/>\nC\u2019est cet IAH qui va permettre de poser dans la plupart des cas, le diagnostic sur le syndrome du sommeil.<br \/>\nDans certain cas, il se peut que le diagnostic par polygraphe signale un souci mais ne donnent pas de donn\u00e9es suffisamment d\u00e9taill\u00e9es pour poser un diagnostic fiable et acceptable sur le plan m\u00e9dical. Dans ce cas, si le m\u00e9decin juge cela n\u00e9cessaire, vous pouvez \u00eatre amen\u00e9 \u00e0 r\u00e9aliser une polysomnographie pour approfondir votre examen du sommeil.<\/p>\n<p style=\"text-align: justify;\"><strong>Attention ! Les informations pr\u00e9sentes sur ce site ne remplacent en aucun cas le diagnostic d\u2019un professionnel de sant\u00e9. N\u2019h\u00e9sitez pas \u00e0 consulter un m\u00e9decin sp\u00e9cialiste du sommeil et \u00e0 en parler \u00e0 votre m\u00e9decin traitant.<\/strong><\/p>\n<p>[\/vc_column_text][\/vc_column][\/vc_row][vc_row][vc_column][\/vc_column][\/vc_row]<\/p>\n<\/div>","protected":false},"excerpt":{"rendered":"<p>[vc_row][vc_column][vc_single_image image=\u00a0\u00bb476&Prime; img_size=\u00a0\u00bbfull\u00a0\u00bb alignment=\u00a0\u00bbcenter\u00a0\u00bb css=\u00a0\u00bb\u00a0\u00bb][vc_column_text] Il existe deux diagnostiques du sommeil. La polygraphie ventilatoire (PG) et la polysomnographie (PSG). Ces examens sont indolores et ne n\u00e9cessitent pas toujours de passer une nuit \u00e0 l\u2019H\u00f4pital. Le Mat\u00e9riel peut aussi \u00eatre pos\u00e9 au cabinet du m\u00e9decin lib\u00e9ral ou hospitalier et vous permettre de passer la nuit d\u2019analyse&#8230;<\/p>\n","protected":false},"author":1,"featured_media":0,"parent":0,"menu_order":0,"comment_status":"closed","ping_status":"closed","template":"","meta":{"footnotes":""},"class_list":["post-17","page","type-page","status-publish","hentry"],"_links":{"self":[{"href":"https:\/\/innomed-patient.com\/index.php\/wp-json\/wp\/v2\/pages\/17","targetHints":{"allow":["GET"]}}],"collection":[{"href":"https:\/\/innomed-patient.com\/index.php\/wp-json\/wp\/v2\/pages"}],"about":[{"href":"https:\/\/innomed-patient.com\/index.php\/wp-json\/wp\/v2\/types\/page"}],"author":[{"embeddable":true,"href":"https:\/\/innomed-patient.com\/index.php\/wp-json\/wp\/v2\/users\/1"}],"replies":[{"embeddable":true,"href":"https:\/\/innomed-patient.com\/index.php\/wp-json\/wp\/v2\/comments?post=17"}],"version-history":[{"count":5,"href":"https:\/\/innomed-patient.com\/index.php\/wp-json\/wp\/v2\/pages\/17\/revisions"}],"predecessor-version":[{"id":477,"href":"https:\/\/innomed-patient.com\/index.php\/wp-json\/wp\/v2\/pages\/17\/revisions\/477"}],"wp:attachment":[{"href":"https:\/\/innomed-patient.com\/index.php\/wp-json\/wp\/v2\/media?parent=17"}],"curies":[{"name":"wp","href":"https:\/\/api.w.org\/{rel}","templated":true}]}}